 b(14) a prime number?
False
Suppose 3*i + 2*h - 3*h - 20921 = 0, -3*h = 4*i - 27899. Is i + (-2)/(-8)*-4 composite?
True
Let m(n) = -249142*n + 2663. Is m(-3) a composite number?
True
Suppose 2*m + 61006 = 2*n, 0 = n + m - 0*m - 30507. Is n prime?
False
Is 6/12 + 1441092/8 + 0 + 0 composite?
False
Suppose 0 = -3*k + 41 - 10538. Let m = k - -6426. Is m prime?
True
Let h = 383 + -20. Is 2/(-22) - (-3676860)/h a prime number?
False
Let c = 231896 - 115051. Is c composite?
True
Let c(k) = 4*k - 1. Let q(y) = -3*y + 2. Let t(w) = 4*c(w) + 3*q(w). Let f be t(3). Suppose 0 = -4*m + 133 + f. Is m a composite number?
True
Suppose -4*g = -5*z + 4212061, -29*z + 26*z - 4*g + 2527179 = 0. Is z a prime number?
False
Suppose -3*y + 27 = -72. Let z = y - 33. Suppose 0 = 3*v - r - 643, 4*r = -z*r + 8. Is v prime?
False
Let b be (-1)/(-4*(-4)/3952). Let l = 490 - b. Is l a prime number?
False
Suppose z + 1578 = 3*x + 11561, -3*z = 3. Let s = -1427 - x. Is s composite?
False
Let t(g) = 2*g**3 + 22*g**2 + 31*g - 25. Let c be t(-15). Suppose 4*w = -791 - 3493. Let y = w - c. Is y a prime number?
False
Let z(l) = l**3 - 7*l**2 + 7*l - 2. Let j be z(6). Let w = 1815 + -1815. Suppose -j*o + 7*o - 1347 = w. Is o a prime number?
True
Let u(g) = 7*g**2 - 12*g + 12. Let d(j) = -j**2 + j - 1. Let n(c) = -5*d(c) - u(c). Let i be n(4). Is (-2)/i - (-24520)/55 prime?
False
Let c(h) = 977*h + 1258. Is c(27) composite?
True
Suppose -36*s = -14666919 - 3674495 - 4221262. Is s prime?
True
Is (-7 - (-30)/(-4))/(30566/15284 - 2) a prime number?
False
Let i(o) = -2*o**3 - o**2 + 17*o + 53. Suppose 52*u = 38*u - 112. Is i(u) prime?
True
Let a = -2451 + 3021. Let o be (-1)/4 + 2138/8. Let k = a - o. Is k composite?
True
Let w = 255230 + -165264. Is w a prime number?
False
Let b(o) be the second derivative of o**4/12 - 3*o**3/2 + 5*o**2 - 24*o. Let y be b(8). Suppose -11058 = -8*d + y*d. Is d a composite number?
True
Let y(r) = -25*r**3 - 5*r**2 + 2*r + 5. Suppose 5*v + 4*f - 7 = 0, -6*v + 4*v + 10 = -2*f. Let s be y(v). Let m = s + 1238. Is m a composite number?
True
Let o be 84559/7 + 3 + (-60)/21. Let g = -5793 + o. Is g composite?
False
Let q be -8*(-4 - -3) + 56417. Suppose 6*j - q = -5*t + 8*j, -45122 = -4*t - 2*j. Is t prime?
False
Suppose -64*o + 7472287 = 58*o + 890997. Is o a composite number?
True
Let z = 302 + -210. Let d = z - 90. Suppose -2*p - x = d*p - 1917, x = 1. Is p prime?
True
Suppose -j + 4*j - 1428655 = -2*j. Is j a prime number?
True
Let n be (18/(-10))/9 + (-9)/5. Is n/(4 + 0) + (-46179)/(-42) a composite number?
True
Suppose -60*q + 2463856 = -44*q. Is q composite?
False
Suppose 0 = -5*r, 0 = -j - 2*r - 1 + 13. Is (7042/4)/(-6 - (-78)/j) a prime number?
False
Let c(y) = 5767*y + 16638. Is c(119) a prime number?
False
Suppose -2*x = 5*g + x - 6, -2*g = -5*x + 10. Suppose g = -0*q + 17*q - 16303. Is q a composite number?
True
Let u = 98 - 89. Let y(l) = 42*l**2 + l - 13. Let i(b) = -21*b**2 - b + 7. Let z(r) = -13*i(r) - 6*y(r). Is z(u) composite?
True
Let r = -3 + 0. Let q(z) = -232*z**3 + 6*z - 3. Is q(r) prime?
False
Let a(t) = 34249*t**2 + 11*t + 11. Is a(2) composite?
False
Let k(o) be the third derivative of -o**6/60 - o**5/3 - 29*o**4/24 - 13*o**3/6 - o**2. Let z(d) = 2*d - 94. Let c be z(41). Is k(c) composite?
False
Let g(s) = -s**3 - 7*s**2 - 3*s + 21. Let t be g(-6). Suppose -t*h + 5*v + 9694 = 0, 13*h - 15*h + 6468 = 2*v. Is h composite?
True
Let d(u) = 1446*u**2 - 581*u - 8. Is d(-9) prime?
True
Let x = -247 + 255. Is (-7457)/(-3) + x/(-12) + -4 a prime number?
False
Let n(m) = -2*m**3 + 26*m**2 + 18*m - 137. Is n(-38) composite?
True
Let n = -169 + 1091. Let g = n + 166. Suppose -3*m - g + 2657 = 0. Is m prime?
True
Let q be 282/(((-14)/1820)/((-4)/15)). Suppose q = -14*n + 64250. Is n prime?
False
Let l = 672 - 316. Suppose 1044 = 2*t - 5*g, -t = 2*g - 175 - l. Let p = t - -371. Is p composite?
True
Suppose 5*f = 17*f + 12*f. Suppose 9*k - 101448 - 296883 = f. Is k composite?
True
Suppose 74*b - 1872 = 61*b. Is ((-4930)/3)/(-2) + (-96)/b a composite number?
False
Suppose x - 430 = -z + 477, -4535 = -5*x - 4*z. Suppose -2*d + 3*g + 562 = -343, -2*d + x = -5*g. Is d composite?
True
Is ((-1)/(-3))/(8/18 - 301902205/679280697) a composite number?
True
Let w be (-8)/20*1 - (-51)/15. Suppose -4*m + 2*i = -1248, 3*m - 5*i - 934 = -w*i. Let r = 665 + m. Is r prime?
False
Let z(m) = 5*m**2 + 4*m + 3. Let q be z(-1). Let n(h) = 56*h**2 + h - 3. Let t be n(q). Let i = -598 + t. Is i a prime number?
False
Let t(o) = 2*o**2 + 1. Let d be t(-1). Suppose 3*b - 26 = -2*n, 21 + d = 4*n - b. Suppose -n = -5*y + 43. Is y composite?
True
Let u(j) = -17*j**3 - 29*j**2 + 61*j + 69. Let k(d) = 4*d**3 + 7*d**2 - 15*d - 17. Let r(z) = -9*k(z) - 2*u(z). Is r(-16) prime?
True
Let s(f) = 329*f**2 - 138*f + 896. Is s(43) a prime number?
True
Let w(u) = 1751*u**2 - 23*u - 45. Is w(-7) prime?
False
Let n = 502184 + -291933. Is n a composite number?
True
Is (-80)/100 + (-3461598)/(-10) + 20 + -20 composite?
True
Suppose -88*m + 108*m = 602660. Is m a composite number?
False
Let b(a) be the third derivative of a**4/12 - 2*a**3/3 + 4*a**2. Let q be b(8). Is (-4)/q + (-8580)/(-9) prime?
True
Suppose -33*k = -6867965 - 1630030. Is k composite?
True
Let m(w) = 901*w - 9. Let u be m(6). Let i = 1289 + u. Suppose 3*l - 412 = 5*k - i, -2*k = -2*l - 2512. Is k a prime number?
False
Suppose 0 = -3*t - f + 14, 3*t + 16 = 5*f - 0. Suppose 9 + t = 2*v - 4*r, -3*r = -5*v + 16. Suppose 1335 + 819 = v*x. Is x a composite number?
True
Let j = -46 + 39. Let w be j - -1 - (-1)/((-1)/(-4)). Is 58 - (0/(w - -4) + 1) prime?
False
Suppose 4*y = 2*f + 246, -3*f + 84 = y + f. Let g = y + -14. Let n = 583 + g. Is n prime?
False
Let x(m) = 13398*m - 2917. Is x(6) a composite number?
False
Suppose 41468 = 34*m - 14156. Suppose 10*w - 20394 = m. Is w composite?
False
Suppose -2*s - 3*c + 59618 = c, 5*c = -s + 29818. Suppose 2*q = -0*q + 2*d + 19874, 5*d = 3*q - s. Is q a prime number?
True
Let p = 4217 - 2222. Suppose 5*q - p = -4*z, 3*q + 4*z - 435 = 770. Let a = -268 + q. Is a a composite number?
False
Let s(l) be the third derivative of -57*l**5/20 + l**4/3 - l**3/2 + 39*l**2. Let h be s(-3). Let i = h + 2201. Is i a prime number?
False
Let r = -9964 + 15704. Let q = r + 947. Suppose 20498 - q = 7*w. Is w a composite number?
False
Let i(f) = 4*f**3 - 2*f**2 - 6*f + 11. Let b be i(4). Suppose b - 496 = -3*w. Is w composite?
True
Let z(x) = -x**3 - 15*x - 37. Suppose 5*u = -2*v - 90, -3*u - v + 0*v - 53 = 0. Is z(u) prime?
False
Is ((-154)/(-28) + -1)*18935380/90 a prime number?
True
Let d = 19394 + 17395. Let f = 52732 - d. Is f composite?
True
Let l = -12011 + 54605. Suppose 2*k - l = -4*k. Suppose -4*x + k - 2051 = 0. Is x a composite number?
True
Let d = -95 - -89. Let h be d/(-30) + (-4462)/10. Is -1*(0 + -22)*h/(-4) a prime number?
False
Let h = 16 - 8. Suppose 2070 = h*v + 16070. Let d = v - -3231. Is d composite?
False
Suppose 5*u + 21*u - 3*u = 4349714. Is u a prime number?
False
Let l(i) = -5*i**2 + 228*i + 91. Is l(32) composite?
False
Let q(f) = 2*f**3 + 3*f**2 - 8*f + 3. Let s be q(2). Suppose 6*z = -s*z + 94731. Is z a composite number?
True
Let o be 7/28*-4 - -1. Let j be 48 + (-1 + 1)/1. Is (-3)/(-3) - (o - j) a composite number?
True
Is 1/(-4) - 1 - 7210953*(-21)/756 composite?
True
Let o(u) = -3*u + 20. Let m be o(-4). Let w = 6363 - m. Is w composite?
True
Let t(m) = 18*m**3 + 8*m**2 + 9*m - 29. Let k be t(7). Is k/42 - (-3 - 66/(-21)) composite?
False
Let s = 2469 - -66542. Is s composite?
False
Let o = 4143 + -11226. Let q = -2674 - o. Is q prime?
True
Let c(o) = -18*o**3 + 8*o**2 - 18*o + 15. Let w(r) = r + 2. Let g(a) = -c(a) - 3*w(a). Is g(6) a composite number?
True
Let z = -72469 - -128834. Is z prime?
False
Let a(k) = k + 8. Let x be a(0). Suppose -3*l - m = -5, -4*m + 5 = 5*l - x. Is (-906)/(-3) - (l - 2) composite?
True
Let r(l) = 1850*l - 1871*l + l**2 + 12*l**2 + 37. Is r(-17) a prime number?
False
Let j(p) = 3*p**3 + 13*p**2 - 21*p - 9. Let k(g) = 2*g**3 + 7*g**2 - 11*g - 5. Let v(y) = -3*j(y) + 5*k(y). Let q be 0 - (3/3 - 6). Is v(q) a composite number?
False
Let a(n) = 71*n**3 - 11*n**2 + 13*n - 215. Is a(8) a composite number?
False
Suppose -b + 510 = 9*b. Suppose